{"id":204,"date":"2022-01-11T12:02:57","date_gmt":"2022-01-11T11:02:57","guid":{"rendered":"https:\/\/spielundactionev.de\/?page_id=204"},"modified":"2022-01-16T16:07:00","modified_gmt":"2022-01-16T15:07:00","slug":"angebote-fuer-eltern-2","status":"publish","type":"page","link":"https:\/\/spielundactionev.de\/?page_id=204","title":{"rendered":"Angebote f\u00fcr Eltern"},"content":{"rendered":"<p><img loading=\"lazy\" decoding=\"async\" class=\"alignnone wp-image-245\" src=\"https:\/\/spielundactionev.de\/wp-content\/uploads\/2022\/01\/schrift-300x29.png\" alt=\"\" width=\"600\" height=\"58\" srcset=\"https:\/\/spielundactionev.de\/wp-content\/uploads\/2022\/01\/schrift-300x29.png 300w, https:\/\/spielundactionev.de\/wp-content\/uploads\/2022\/01\/schrift-768x75.png 768w, https:\/\/spielundactionev.de\/wp-content\/uploads\/2022\/01\/schrift.png 960w\" sizes=\"auto, (max-width: 600px) 100vw, 600px\" \/><\/p>\n<p>Die Idee dieses Netzwerks ist, eine Plattform zu schaffen, wo Eltern ins Gespr\u00e4ch kommen, sich austauschen und auch gegenseitig helfen k\u00f6nnen.<\/p>\n<p>Es gibt verschiedene Bereiche und Kan\u00e4le zu den unterschiedlichsten Themen. Regelm\u00e4\u00dfig finden Themenabende statt und es gibt so etwas wie eine &#8222;Plauschrunde&#8220; an einem festen Tag in der Woche zu einer bestimmten Zeit. Wir m\u00f6chten informieren \u00fcber die verschiedenen Bereiche des Familienlebens, wie auch Internet, Gaming, Schule, Freizeit und und und.&nbsp;<\/p>\n<p><img loading=\"lazy\" decoding=\"async\" class=\"size-medium wp-image-248 aligncenter\" src=\"https:\/\/spielundactionev.de\/wp-content\/uploads\/2022\/01\/eltern-300x203.png\" alt=\"\" width=\"300\" height=\"203\" srcset=\"https:\/\/spielundactionev.de\/wp-content\/uploads\/2022\/01\/eltern-300x203.png 300w, https:\/\/spielundactionev.de\/wp-content\/uploads\/2022\/01\/eltern-1024x694.png 1024w, https:\/\/spielundactionev.de\/wp-content\/uploads\/2022\/01\/eltern-768x521.png 768w, https:\/\/spielundactionev.de\/wp-content\/uploads\/2022\/01\/eltern.png 1103w\" sizes=\"auto, (max-width: 300px) 100vw, 300px\" \/><\/p>\n<p>Das Einzige, was sie tun m\u00fcssen, ist, sich kostenfrei bei Discord.com zu registrieren . Sie k\u00f6nnen dann diesem und auch noch diversen anderen Servern beitreten, wenn Sie m\u00f6gen. Es ist anonym und Sie sind nicht gezwungen, ihren Klarnamen anzugeben. Sollten Sie Probleme haben, dann melden Sie sich einfach bei uns, bzw. in diesem Fall beim <a href=\"https:\/\/spielundactionev.de\/?page_id=179\">Silvia H\u00e4rtel,<\/a> wir helfen Ihnen da gerne weiter.&nbsp;<\/p>\n<p>Hier der Link zum Discordserver: <a href=\"https:\/\/discord.gg\/9ZFTKsVDUM\" target=\"_blank\" rel=\"noopener\">Infos und Plauschen f\u00fcr Eltern<\/a><\/p>\n<p>Den Server betreuen wir gemeinsam mit dem FSD FAMOS gGmbH. Das Projekt wurde vom Verbund Lankwitz mit Geldern des BA Steglitz-Zehlendorf &#8211; Jugendamt finanziert.&nbsp;<\/p>\n<p><img loading=\"lazy\" decoding=\"async\" class=\"size-medium wp-image-241 aligncenter\" src=\"https:\/\/spielundactionev.de\/wp-content\/uploads\/2022\/01\/discord-300x224.png\" alt=\"\" width=\"300\" height=\"224\" srcset=\"https:\/\/spielundactionev.de\/wp-content\/uploads\/2022\/01\/discord-300x224.png 300w, https:\/\/spielundactionev.de\/wp-content\/uploads\/2022\/01\/discord.png 500w\" sizes=\"auto, (max-width: 300px) 100vw, 300px\" \/><\/p>\n","protected":false},"excerpt":{"rendered":"<p>Die Idee dieses Netzwerks ist, eine Plattform zu schaffen, wo Eltern ins Gespr\u00e4ch kommen, sich austauschen und auch gegenseitig helfen k\u00f6nnen. Es gibt verschiedene Bereiche und Kan\u00e4le zu den unterschiedlichsten Themen. Regelm\u00e4\u00dfig finden Themenabende statt und es gibt so etwas wie eine &#8222;Plauschrunde&#8220; an einem festen Tag in der Woche zu einer bestimmten Zeit. Wir &hellip; <\/p>\n<p class=\"link-more\"><a href=\"https:\/\/spielundactionev.de\/?page_id=204\" class=\"more-link\"><span class=\"screen-reader-text\">\u201eAngebote f\u00fcr Eltern\u201c <\/span>weiterlesen<\/a><\/p>\n","protected":false},"author":2,"featured_media":0,"parent":188,"menu_order":0,"comment_status":"closed","ping_status":"closed","template":"","meta":{"ngg_post_thumbnail":0,"footnotes":""},"class_list":["post-204","page","type-page","status-publish","hentry"],"_links":{"self":[{"href":"https:\/\/spielundactionev.de\/index.php?rest_route=\/wp\/v2\/pages\/204","targetHints":{"allow":["GET"]}}],"collection":[{"href":"https:\/\/spielundactionev.de\/index.php?rest_route=\/wp\/v2\/pages"}],"about":[{"href":"https:\/\/spielundactionev.de\/index.php?rest_route=\/wp\/v2\/types\/page"}],"author":[{"embeddable":true,"href":"https:\/\/spielundactionev.de\/index.php?rest_route=\/wp\/v2\/users\/2"}],"replies":[{"embeddable":true,"href":"https:\/\/spielundactionev.de\/index.php?rest_route=%2Fwp%2Fv2%2Fcomments&post=204"}],"version-history":[{"count":11,"href":"https:\/\/spielundactionev.de\/index.php?rest_route=\/wp\/v2\/pages\/204\/revisions"}],"predecessor-version":[{"id":600,"href":"https:\/\/spielundactionev.de\/index.php?rest_route=\/wp\/v2\/pages\/204\/revisions\/600"}],"up":[{"embeddable":true,"href":"https:\/\/spielundactionev.de\/index.php?rest_route=\/wp\/v2\/pages\/188"}],"wp:attachment":[{"href":"https:\/\/spielundactionev.de\/index.php?rest_route=%2Fwp%2Fv2%2Fmedia&parent=204"}],"curies":[{"name":"wp","href":"https:\/\/api.w.org\/{rel}","templated":true}]}}