{"id":402,"date":"2022-01-13T07:23:06","date_gmt":"2022-01-13T06:23:06","guid":{"rendered":"https:\/\/spielundactionev.de\/?page_id=402"},"modified":"2022-01-20T10:49:55","modified_gmt":"2022-01-20T09:49:55","slug":"lego-projekte","status":"publish","type":"page","link":"https:\/\/spielundactionev.de\/?page_id=402","title":{"rendered":"Lego &#8211; Projekte"},"content":{"rendered":"<p><strong>Kreativ mit Lego in Film und Technik<\/strong><\/p>\n<p>Lego ist mehr als ein Spielzeug. Lego ist Kult! Jeder kennt Lego und die wenigsten Menschen, egal welchen Alters, k\u00f6nnen widerstehen, wenn man ihnen einen Berg Lego vorsetzt. Es braucht keine Anleitung, jeder wei\u00df, wie es geht und es macht den meisten Menschen Spa\u00df.<\/p>\n<p><img loading=\"lazy\" decoding=\"async\" class=\"size-medium wp-image-522 aligncenter\" src=\"https:\/\/spielundactionev.de\/wp-content\/uploads\/2022\/01\/lego2-300x245.png\" alt=\"\" width=\"300\" height=\"245\" srcset=\"https:\/\/spielundactionev.de\/wp-content\/uploads\/2022\/01\/lego2-300x245.png 300w, https:\/\/spielundactionev.de\/wp-content\/uploads\/2022\/01\/lego2.png 638w\" sizes=\"auto, (max-width: 300px) 100vw, 300px\" \/><\/p>\n<p>Vor allem Kinder und Jugendliche haben eine Menge Spa\u00df mit Lego und man kann mit Lego viel mehr machen, als &#8222;nur&#8220; etwas bauen. Wir machen mit Lego die unterschiedlichsten Projekte:&nbsp;<\/p>\n<p><strong>Lego-Stop-Movie-Filme:<\/strong><\/p>\n<p><img loading=\"lazy\" decoding=\"async\" class=\"size-medium wp-image-524 alignleft\" src=\"https:\/\/spielundactionev.de\/wp-content\/uploads\/2022\/01\/lego4-300x225.png\" alt=\"\" width=\"300\" height=\"225\" srcset=\"https:\/\/spielundactionev.de\/wp-content\/uploads\/2022\/01\/lego4-300x225.png 300w, https:\/\/spielundactionev.de\/wp-content\/uploads\/2022\/01\/lego4-1024x768.png 1024w, https:\/\/spielundactionev.de\/wp-content\/uploads\/2022\/01\/lego4-768x576.png 768w, https:\/\/spielundactionev.de\/wp-content\/uploads\/2022\/01\/lego4.png 1440w\" sizes=\"auto, (max-width: 300px) 100vw, 300px\" \/>Ein Stop Movie Film ist ein digitales Daumenkino sozusagen. Mit den Kindern und Jugendlichen gemeinsam machen wir ein Drehbuch, bauen die Kulisse und&nbsp; machen die Fotos zum Film. Die Kinder und Jugendlichen sind Baumeister, Schauspieler, Requisiteure, Kamerafrau \/ mann und Trickspezialisten zugleich. Die Filme werden teilweise (Zustimmung der Teilnehmer und ggf. der Eltern erforderlich) auf unserem Youtube-Kanal ver\u00f6ffentlicht. Die beiden gr\u00f6\u00dften und aufwendigsten Lego Filme, die wir bisher gemacht haben, sind diese beiden:<\/p>\n<p><em>Ein Legotrickfilm zur U18 Wahl:<\/em><\/p>\n<p><iframe loading=\"lazy\" title=\"U18   Du hast die Wahl - Legotrickfilm\" width=\"525\" height=\"295\" src=\"https:\/\/www.youtube.com\/embed\/eg9njYWMMTQ?start=13&#038;feature=oembed\" frameborder=\"0\" allow=\"accelerometer; autoplay; clipboard-write; encrypted-media; gyroscope; picture-in-picture; web-share\" referrerpolicy=\"strict-origin-when-cross-origin\" allowfullscreen><\/iframe><\/p>\n<p><em>Von der Idee zur Rutsche &#8211; eine kleine Erfolgsgeschichte:<\/em><\/p>\n<p><iframe loading=\"lazy\" title=\"Von der Idee zur Rutsche - Legofilm\" width=\"525\" height=\"295\" src=\"https:\/\/www.youtube.com\/embed\/8v3ACZQ09dg?start=5&#038;feature=oembed\" frameborder=\"0\" allow=\"accelerometer; autoplay; clipboard-write; encrypted-media; gyroscope; picture-in-picture; web-share\" referrerpolicy=\"strict-origin-when-cross-origin\" allowfullscreen><\/iframe><\/p>\n<p><strong>Lego Mindstorms:<\/strong><\/p>\n<p><img loading=\"lazy\" decoding=\"async\" class=\"size-medium wp-image-521 alignleft\" src=\"https:\/\/spielundactionev.de\/wp-content\/uploads\/2022\/01\/lego6-209x300.png\" alt=\"\" width=\"209\" height=\"300\" srcset=\"https:\/\/spielundactionev.de\/wp-content\/uploads\/2022\/01\/lego6-209x300.png 209w, https:\/\/spielundactionev.de\/wp-content\/uploads\/2022\/01\/lego6.png 472w\" sizes=\"auto, (max-width: 209px) 100vw, 209px\" \/><\/p>\n<p>&nbsp;<\/p>\n<p>Aber das ist noch nicht alles was wir mit Lego anstellen. Lego trifft Technik &#8211; die Rede ist von Lego Mindstorms. Das ist ein Legoroboter, mit vielen verschiedenen Funktionen und wie Lego&nbsp; ist er nach Anleitung, aber auch frei konstruierbar. Wie auch andere Roboter muss auch dieser programmiert werden und das geht mit der Lego eigenen Software die, wie Lego so ist, auch ein Baukastensystem ist.&nbsp; Man kann auch mit anderer Software, bzw. in Programmiersprache programmieren, aber zum Einsteigen ist es mit der Lego eigenen Software einfacher.&nbsp;<\/p>\n<p>&nbsp;<\/p>\n<p><strong>Lego &#8211; Herausforderung:&nbsp;<\/strong><\/p>\n<p><img loading=\"lazy\" decoding=\"async\" class=\" wp-image-523 alignright\" src=\"https:\/\/spielundactionev.de\/wp-content\/uploads\/2022\/01\/lego3-144x300.png\" alt=\"\" width=\"263\" height=\"547\" srcset=\"https:\/\/spielundactionev.de\/wp-content\/uploads\/2022\/01\/lego3-144x300.png 144w, https:\/\/spielundactionev.de\/wp-content\/uploads\/2022\/01\/lego3.png 405w\" sizes=\"auto, (max-width: 263px) 100vw, 263px\" \/>Kinder und Jugendliche lieben Herausforderungen. Wir machen seit vielen Jahren mit den verschiedensten Gruppen eine Legoherausforderung und jede Gruppe kann einen f\u00fcr sich eigenen Rekord ausdenken. Die Grundaufgabe ist immer die selbe. Es muss eine Br\u00fccke gebaut werden, die freischwebend \u00fcber einen vorher festgelegten Abstand gelegt werden muss. Der Abstand regelt sich ein st\u00fcckweit nach der Herausforderung, welche sich die Kinder und Jugendlichen selber stellen, d.h. ob sie die l\u00e4ngste, h\u00f6chste, kleinste, sch\u00f6nste und was auch immer f\u00fcr eine Br\u00fccke bauen wollen. Was f\u00fcr alle Br\u00fccken als Highlight passiert, ist, das sie einem &#8222;Belastungstest&#8220; unterzogen wird. Auf dem Mittelpunkt der Br\u00fccke wir solange eine Last raufgelegt, bis sie nachgibt. Der aktuelle Rekord an dieser Stelle liegt bei \u00fcber 24 kg. Diese Br\u00fccke war wirklich stabil!&nbsp;<\/p>\n<p>In dieser Kombination von Angeboten arbeiten wir in der Hauptsache mit Schulklassen. Wir haben mit der Alt-Lankwitzer-Grundschule eine Kooperation an dieser Stelle f\u00fcr die Klassenstufen 3 und 4. In diesem Fall kommt dann eine Schulklasse zu uns und die Kinder teilen sich in die 3 Angebote:<\/p>\n<ul>\n<li style=\"list-style-type: none;\">\n<ul>\n<li style=\"list-style-type: none;\">\n<ul>\n<li>Lego-Trickfilm<\/li>\n<li>Lego-Mindstorms<\/li>\n<li>Lego-Herausforderung<\/li>\n<\/ul>\n<\/li>\n<\/ul>\n<\/li>\n<\/ul>\n<p>Das ist eine wichtige <a href=\"https:\/\/spielundactionev.de\/?page_id=404\">Kooperation<\/a> f\u00fcr uns und bringt eine Menge Spa\u00df mit sich.&nbsp;<\/p>\n<p>&nbsp;<\/p>\n<p>&nbsp;<\/p>\n<p>&nbsp;<\/p>\n","protected":false},"excerpt":{"rendered":"<p>Kreativ mit Lego in Film und Technik Lego ist mehr als ein Spielzeug. Lego ist Kult! Jeder kennt Lego und die wenigsten Menschen, egal welchen Alters, k\u00f6nnen widerstehen, wenn man ihnen einen Berg Lego vorsetzt. Es braucht keine Anleitung, jeder wei\u00df, wie es geht und es macht den meisten Menschen Spa\u00df. Vor allem Kinder und &hellip; <\/p>\n<p class=\"link-more\"><a href=\"https:\/\/spielundactionev.de\/?page_id=402\" class=\"more-link\"><span class=\"screen-reader-text\">\u201eLego &#8211; Projekte\u201c <\/span>weiterlesen<\/a><\/p>\n","protected":false},"author":2,"featured_media":0,"parent":34,"menu_order":0,"comment_status":"closed","ping_status":"closed","template":"","meta":{"ngg_post_thumbnail":0,"footnotes":""},"class_list":["post-402","page","type-page","status-publish","hentry"],"_links":{"self":[{"href":"https:\/\/spielundactionev.de\/index.php?rest_route=\/wp\/v2\/pages\/402","targetHints":{"allow":["GET"]}}],"collection":[{"href":"https:\/\/spielundactionev.de\/index.php?rest_route=\/wp\/v2\/pages"}],"about":[{"href":"https:\/\/spielundactionev.de\/index.php?rest_route=\/wp\/v2\/types\/page"}],"author":[{"embeddable":true,"href":"https:\/\/spielundactionev.de\/index.php?rest_route=\/wp\/v2\/users\/2"}],"replies":[{"embeddable":true,"href":"https:\/\/spielundactionev.de\/index.php?rest_route=%2Fwp%2Fv2%2Fcomments&post=402"}],"version-history":[{"count":11,"href":"https:\/\/spielundactionev.de\/index.php?rest_route=\/wp\/v2\/pages\/402\/revisions"}],"predecessor-version":[{"id":658,"href":"https:\/\/spielundactionev.de\/index.php?rest_route=\/wp\/v2\/pages\/402\/revisions\/658"}],"up":[{"embeddable":true,"href":"https:\/\/spielundactionev.de\/index.php?rest_route=\/wp\/v2\/pages\/34"}],"wp:attachment":[{"href":"https:\/\/spielundactionev.de\/index.php?rest_route=%2Fwp%2Fv2%2Fmedia&parent=402"}],"curies":[{"name":"wp","href":"https:\/\/api.w.org\/{rel}","templated":true}]}}