{"id":41,"date":"2022-01-10T12:09:30","date_gmt":"2022-01-10T11:09:30","guid":{"rendered":"https:\/\/spielundactionev.de\/?page_id=41"},"modified":"2025-12-09T13:39:20","modified_gmt":"2025-12-09T12:39:20","slug":"troedel-basar","status":"publish","type":"page","link":"https:\/\/spielundactionev.de\/?page_id=41","title":{"rendered":"Tr\u00f6del-Stube"},"content":{"rendered":"\r\n<p><strong>Von Mensch&nbsp; zu Mensch einfach und gut&nbsp;<\/strong><\/p>\r\n<p><img loading=\"lazy\" decoding=\"async\" class=\" wp-image-267 alignleft\" src=\"https:\/\/spielundactionev.de\/wp-content\/uploads\/2022\/01\/bild2-149x300.png\" alt=\"\" width=\"205\" height=\"413\" srcset=\"https:\/\/spielundactionev.de\/wp-content\/uploads\/2022\/01\/bild2-149x300.png 149w, https:\/\/spielundactionev.de\/wp-content\/uploads\/2022\/01\/bild2.png 382w\" sizes=\"auto, (max-width: 205px) 100vw, 205px\" \/>Der Tr\u00f6del-Basar wird nun zur Tr\u00f6del-Stube und zieht in die K\u00e4seglocke um. <span style=\"font-size: 1rem;\">Wir sammeln gut erhaltene Sachspenden aller Art (z.B. Garderobe, Kindersachen, Krims-Krams, B\u00fccher, Spielzeug, Schmuck, Geschirr und \u00c4hnliches) und verkaufen gemeinsam mit unsern Kids im Rahmen des Projektes &#8222;G\u00f6nn Dir!&#8220;&nbsp; zugunsten unserer Angebote in der K\u00e4seglocke.&nbsp;&nbsp;<\/span><\/p>\r\n<p>Einkaufen darf bei uns jeder, die Preise sind g\u00fcnstig. Es ist kein Hartz 4 oder Berechtigungsschein erforderlich.<\/p>\r\n<p>Einen Teil der Sachen geben wir auch kostenlos an Bed\u00fcrftige weiter. Allerdings nur \u00fcber direkten Kontakt, z.B. zu Kindern, Jugendlichen, dem Jugendamt, Krankenh\u00e4usern oder \u00e4hnlichen Einrichtungen.<\/p>\r\n<p><img loading=\"lazy\" decoding=\"async\" class=\" wp-image-269 alignright\" src=\"https:\/\/spielundactionev.de\/wp-content\/uploads\/2022\/01\/bild1-300x291.png\" alt=\"\" width=\"278\" height=\"270\" srcset=\"https:\/\/spielundactionev.de\/wp-content\/uploads\/2022\/01\/bild1-300x291.png 300w, https:\/\/spielundactionev.de\/wp-content\/uploads\/2022\/01\/bild1.png 383w\" sizes=\"auto, (max-width: 278px) 100vw, 278px\" \/><\/p>\r\n<p><strong>\u00d6ffnungszeiten:<\/strong><\/p>\r\n<p>Ab dem 15.11.2025<br>Dienstag 10 &#8211; 12 Uhr<br>Dienstag 18 &#8211; 19 Uhr<\/p>\r\n<p>Und zu folgenden Sonder\u00f6ffnungszeiten:&nbsp;<br><br>Sa. 13.12.2025 &#8211; 12 &#8211; 16 Uhr<br>mit kleiner Schmuckb\u00f6rse<br>Sa. 17.01.2026 &#8211; 12.00 &#8211; 15.00 Uhr<br>Do. 05.02.2026 &#8211; 16.00 &#8211; 18.00 Uhr<br>Do. 02.04.2026 &#8211; 16.00 &#8211; 18.00 Uhr<\/p>\r\n<p>Weitere Termine werden folgen!<\/p>\r\n<center>\r\n<p><iframe loading=\"lazy\" style=\"border: 0;\" src=\"https:\/\/www.google.com\/maps\/embed?pb=!1m18!1m12!1m3!1d2892.3806546463366!2d13.341201398457384!3d52.43942713882833!2m3!1f0!2f0!3f0!3m2!1i1024!2i768!4f13.1!3m3!1m2!1s0x47a85ac73274e2d1%3A0xe5b4428c17eecc12!2sK%C3%A4seglocke%2C%20Kinder-%20Jugend-%20und%20Familientreff!5e0!3m2!1sde!2sde!4v1760612038748!5m2!1sde!2sde\" width=\"600\" height=\"450\" allowfullscreen=\"allowfullscreen\"><\/iframe><\/p>\r\n<\/center>","protected":false},"excerpt":{"rendered":"<p>Von Mensch&nbsp; zu Mensch einfach und gut&nbsp; Der Tr\u00f6del-Basar wird nun zur Tr\u00f6del-Stube und zieht in die K\u00e4seglocke um. Wir sammeln gut erhaltene Sachspenden aller Art (z.B. Garderobe, Kindersachen, Krims-Krams, B\u00fccher, Spielzeug, Schmuck, Geschirr und \u00c4hnliches) und verkaufen gemeinsam mit unsern Kids im Rahmen des Projektes &#8222;G\u00f6nn Dir!&#8220;&nbsp; zugunsten unserer Angebote in der K\u00e4seglocke.&nbsp;&nbsp; Einkaufen &hellip; <\/p>\n<p class=\"link-more\"><a href=\"https:\/\/spielundactionev.de\/?page_id=41\" class=\"more-link\"><span class=\"screen-reader-text\">\u201eTr\u00f6del-Stube\u201c <\/span>weiterlesen<\/a><\/p>\n","protected":false},"author":2,"featured_media":0,"parent":34,"menu_order":4,"comment_status":"closed","ping_status":"closed","template":"","meta":{"ngg_post_thumbnail":0,"footnotes":""},"class_list":["post-41","page","type-page","status-publish","hentry"],"_links":{"self":[{"href":"https:\/\/spielundactionev.de\/index.php?rest_route=\/wp\/v2\/pages\/41","targetHints":{"allow":["GET"]}}],"collection":[{"href":"https:\/\/spielundactionev.de\/index.php?rest_route=\/wp\/v2\/pages"}],"about":[{"href":"https:\/\/spielundactionev.de\/index.php?rest_route=\/wp\/v2\/types\/page"}],"author":[{"embeddable":true,"href":"https:\/\/spielundactionev.de\/index.php?rest_route=\/wp\/v2\/users\/2"}],"replies":[{"embeddable":true,"href":"https:\/\/spielundactionev.de\/index.php?rest_route=%2Fwp%2Fv2%2Fcomments&post=41"}],"version-history":[{"count":21,"href":"https:\/\/spielundactionev.de\/index.php?rest_route=\/wp\/v2\/pages\/41\/revisions"}],"predecessor-version":[{"id":987,"href":"https:\/\/spielundactionev.de\/index.php?rest_route=\/wp\/v2\/pages\/41\/revisions\/987"}],"up":[{"embeddable":true,"href":"https:\/\/spielundactionev.de\/index.php?rest_route=\/wp\/v2\/pages\/34"}],"wp:attachment":[{"href":"https:\/\/spielundactionev.de\/index.php?rest_route=%2Fwp%2Fv2%2Fmedia&parent=41"}],"curies":[{"name":"wp","href":"https:\/\/api.w.org\/{rel}","templated":true}]}}