{"id":419,"date":"2022-01-13T07:49:33","date_gmt":"2022-01-13T06:49:33","guid":{"rendered":"https:\/\/spielundactionev.de\/?page_id=419"},"modified":"2022-01-20T11:10:25","modified_gmt":"2022-01-20T10:10:25","slug":"politik-geht-uns-alle-an","status":"publish","type":"page","link":"https:\/\/spielundactionev.de\/?page_id=419","title":{"rendered":"Politik geht uns alle an"},"content":{"rendered":"<p>Politik &#8230;. laaangweilig !<\/p>\n<p>In unserer Arbeit treffen wir immer wieder auf Besucher, jeden Alters, die schon bei dem Wort Politik auf Abwehr gehen und die Vorstellung haben, Politik sei nur was &#8222;f\u00fcr die da oben&#8220;. Wir sehen das anders. In unserer Vorstellung ist Politik allgegenw\u00e4rtig und \u00fcberall vertreten. Auch muss man nicht Abstand nehmen und &#8222;die da oben&#8220; machen lassen, sondern kann sehr wohl Interesse zeigen und seine Meinung \u00e4u\u00dfern oder versuchen, etwas zu ver\u00e4ndern. Ver\u00e4nderungen und Mitmischen kann schon ganz klein beginnen und vor allem ist es auch schon den ganz kleinen m\u00f6glich.<\/p>\n<p><img loading=\"lazy\" decoding=\"async\" class=\"wp-image-543 aligncenter\" src=\"https:\/\/spielundactionev.de\/wp-content\/uploads\/2022\/01\/politik-300x208.png\" alt=\"\" width=\"449\" height=\"311\" srcset=\"https:\/\/spielundactionev.de\/wp-content\/uploads\/2022\/01\/politik-300x208.png 300w, https:\/\/spielundactionev.de\/wp-content\/uploads\/2022\/01\/politik-1024x712.png 1024w, https:\/\/spielundactionev.de\/wp-content\/uploads\/2022\/01\/politik-768x534.png 768w, https:\/\/spielundactionev.de\/wp-content\/uploads\/2022\/01\/politik-1536x1067.png 1536w, https:\/\/spielundactionev.de\/wp-content\/uploads\/2022\/01\/politik.png 1626w\" sizes=\"auto, (max-width: 449px) 100vw, 449px\" \/><\/p>\n<p>Deswegen legen wir viel Wert auf politische Bildung. Die U18-Wahlen sind jedes Mal ein Highlight unserer Veranstaltungen, hier d\u00fcrfen Kinder jeden Alters eine Woche vor der &#8222;richtigen&#8220; Wahl ebenfalls w\u00e4hlen, inklusive offizieller Ausz\u00e4hlung und Wahlparty. Nat\u00fcrlich gibt es im Vorfeld viele Diskussionen und Informationsmaterial. Bei vielen unserer Veranstaltungen gibt es &#8222;echte&#8220; Politiker zum Anfassen und ins Gespr\u00e4ch kommen.<\/p>\n<p>An dieser Stelle haben wir mit den Kindern und Jugendlichen vor ein paar Jahren ein Lego-Trickfilm zur U18 Wahl gemacht den wir gern hier verlinken&#8230;<\/p>\n<p><iframe loading=\"lazy\" title=\"U18   Du hast die Wahl - Legotrickfilm\" width=\"525\" height=\"295\" src=\"https:\/\/www.youtube.com\/embed\/eg9njYWMMTQ?start=14&#038;feature=oembed\" frameborder=\"0\" allow=\"accelerometer; autoplay; clipboard-write; encrypted-media; gyroscope; picture-in-picture; web-share\" referrerpolicy=\"strict-origin-when-cross-origin\" allowfullscreen><\/iframe><\/p>\n<p>Auch die Geschichte ist f\u00fcr uns ein Teil von politischer Bildung. Im besonderen die Zeit des zweiten Weltkrieges, der kalte Krieg und die Wiedervereinigung. Wir machen zu speziellen Orten wie z.B. dem Haus der Wannseekonferenz, dem Alliierten Museum, der Gedenkst\u00e4tte Sachsenhausen und anderen Orten Ausfl\u00fcge mit F\u00fchrungen. In den Ferien, schauen mit den Jugendlichen spezielle Filme (z.B. Schindlers Liste, Der Tunnel u.a.) mit anschlie\u00dfendem Gespr\u00e4ch.<\/p>\n<p>F\u00fcr uns z\u00e4hlt zu politischer Bildung, die Kinder zu motivieren, sich selber eine Meinung zu bilden &#8211; wir empfehlen \u00fcbrigens keine Partei, denn ohne ein gro\u00dfes Bem\u00fchen um Neutralit\u00e4t, w\u00e4ren wir wohl schlechte Begleiter. Aber wir diskutieren gerne und informieren.<\/p>\n<p><img loading=\"lazy\" decoding=\"async\" class=\"size-medium wp-image-17 aligncenter\" src=\"https:\/\/spielundactionev.de\/wp-content\/uploads\/2022\/01\/cropped-cropped-logo-neu-300x300.png\" alt=\"\" width=\"300\" height=\"300\" srcset=\"https:\/\/spielundactionev.de\/wp-content\/uploads\/2022\/01\/cropped-cropped-logo-neu-300x300.png 300w, https:\/\/spielundactionev.de\/wp-content\/uploads\/2022\/01\/cropped-cropped-logo-neu-150x150.png 150w, https:\/\/spielundactionev.de\/wp-content\/uploads\/2022\/01\/cropped-cropped-logo-neu-270x270.png 270w, https:\/\/spielundactionev.de\/wp-content\/uploads\/2022\/01\/cropped-cropped-logo-neu-192x192.png 192w, https:\/\/spielundactionev.de\/wp-content\/uploads\/2022\/01\/cropped-cropped-logo-neu-180x180.png 180w, https:\/\/spielundactionev.de\/wp-content\/uploads\/2022\/01\/cropped-cropped-logo-neu-32x32.png 32w, https:\/\/spielundactionev.de\/wp-content\/uploads\/2022\/01\/cropped-cropped-logo-neu.png 512w\" sizes=\"auto, (max-width: 300px) 100vw, 300px\" \/><\/p>\n","protected":false},"excerpt":{"rendered":"<p>Politik &#8230;. laaangweilig ! In unserer Arbeit treffen wir immer wieder auf Besucher, jeden Alters, die schon bei dem Wort Politik auf Abwehr gehen und die Vorstellung haben, Politik sei nur was &#8222;f\u00fcr die da oben&#8220;. Wir sehen das anders. In unserer Vorstellung ist Politik allgegenw\u00e4rtig und \u00fcberall vertreten. Auch muss man nicht Abstand nehmen &hellip; <\/p>\n<p class=\"link-more\"><a href=\"https:\/\/spielundactionev.de\/?page_id=419\" class=\"more-link\"><span class=\"screen-reader-text\">\u201ePolitik geht uns alle an\u201c <\/span>weiterlesen<\/a><\/p>\n","protected":false},"author":3,"featured_media":0,"parent":34,"menu_order":0,"comment_status":"closed","ping_status":"closed","template":"","meta":{"ngg_post_thumbnail":0,"footnotes":""},"class_list":["post-419","page","type-page","status-publish","hentry"],"_links":{"self":[{"href":"https:\/\/spielundactionev.de\/index.php?rest_route=\/wp\/v2\/pages\/419","targetHints":{"allow":["GET"]}}],"collection":[{"href":"https:\/\/spielundactionev.de\/index.php?rest_route=\/wp\/v2\/pages"}],"about":[{"href":"https:\/\/spielundactionev.de\/index.php?rest_route=\/wp\/v2\/types\/page"}],"author":[{"embeddable":true,"href":"https:\/\/spielundactionev.de\/index.php?rest_route=\/wp\/v2\/users\/3"}],"replies":[{"embeddable":true,"href":"https:\/\/spielundactionev.de\/index.php?rest_route=%2Fwp%2Fv2%2Fcomments&post=419"}],"version-history":[{"count":6,"href":"https:\/\/spielundactionev.de\/index.php?rest_route=\/wp\/v2\/pages\/419\/revisions"}],"predecessor-version":[{"id":660,"href":"https:\/\/spielundactionev.de\/index.php?rest_route=\/wp\/v2\/pages\/419\/revisions\/660"}],"up":[{"embeddable":true,"href":"https:\/\/spielundactionev.de\/index.php?rest_route=\/wp\/v2\/pages\/34"}],"wp:attachment":[{"href":"https:\/\/spielundactionev.de\/index.php?rest_route=%2Fwp%2Fv2%2Fmedia&parent=419"}],"curies":[{"name":"wp","href":"https:\/\/api.w.org\/{rel}","templated":true}]}}